der when 626 is divided by 163?
137
Calculate the remainder when 79 is divided by 54.
25
Calculate the remainder when 1209 is divided by 110.
109
Calculate the remainder when 916 is divided by 11.
3
What is the remainder when 14270 is divided by 255?
245
Calculate the remainder when 464 is divided by 15.
14
What is the remainder when 76 is divided by 17?
8
Calculate the remainder when 27849 is divided by 22.
19
Calculate the remainder when 406 is divided by 138.
130
Calculate the remainder when 690 is divided by 106.
54
Calculate the remainder when 5051 is divided by 110.
101
What is the remainder when 1452 is divided by 14?
10
Calculate the remainder when 877 is divided by 413.
51
What is the remainder when 41 is divided by 9?
5
Calculate the remainder when 231 is divided by 34.
27
Calculate the remainder when 146 is divided by 59.
28
What is the remainder when 23 is divided by 18?
5
What is the remainder when 135 is divided by 56?
23
What is the remainder when 86 is divided by 25?
11
Calculate the remainder when 262 is divided by 26.
2
What is the remainder when 294 is divided by 173?
121
What is the remainder when 446 is divided by 50?
46
Calculate the remainder when 1194 is divided by 228.
54
What is the remainder when 370 is divided by 229?
141
Calculate the remainder when 375 is divided by 119.
18
Calculate the remainder when 3674 is divided by 75.
74
Calculate the remainder when 84 is divided by 17.
16
Calculate the remainder when 1093 is divided by 32.
5
What is the remainder when 2852 is divided by 119?
115
Calculate the remainder when 324 is divided by 186.
138
Calculate the remainder when 503 is divided by 29.
10
What is the remainder when 136 is divided by 6?
4
What is the remainder when 197 is divided by 58?
23
Calculate the remainder when 114 is divided by 61.
53
Calculate the remainder when 1393 is divided by 36.
25
Calculate the remainder when 3171 is divided by 138.
135
Calculate the remainder when 352 is divided by 112.
16
Calculate the remainder when 5472 is divided by 119.
117
Calculate the remainder when 890 is divided by 240.
170
Calculate the remainder when 22708 is divided by 13.
10
Calculate the remainder when 151 is divided by 14.
11
What is the remainder when 525 is divided by 172?
9
Calculate the remainder when 290 is divided by 42.
38
What is the remainder when 262 is divided by 7?
3
Calculate the remainder when 2358 is divided by 59.
57
What is the remainder when 1883 is divided by 8?
3
Calculate the remainder when 168 is divided by 85.
83
Calculate the remainder when 203 is divided by 76.
51
Calculate the remainder when 415 is divided by 89.
59
Calculate the remainder when 395 is divided by 148.
99
Calculate the remainder when 322 is divided by 83.
73
Calculate the remainder when 1200 is divided by 349.
153
Calculate the remainder when 394 is divided by 22.
20
Calculate the remainder when 755 is divided by 63.
62
Calculate the remainder when 3220 is divided by 133.
28
What is the remainder when 101 is divided by 33?
2
Calculate the remainder when 277 is divided by 98.
81
Calculate the remainder when 55 is divided by 25.
5
What is the remainder when 11 is divided by 10?
1
What is the remainder when 235 is divided by 191?
44
Calculate the remainder when 216 is divided by 78.
60
What is the remainder when 164 is divided by 55?
54
What is the remainder when 912 is divided by 111?
24
What is the remainder when 163 is divided by 73?
17
What is the remainder when 307 is divided by 73?
15
Calculate the remainder when 25313 is divided by 305.
303
What is the remainder when 160 is divided by 155?
5
Calculate the remainder when 586 is divided by 191.
13
What is the remainder when 36 is divided by 23?
13
Calculate the remainder when 545 is divided by 24.
17
What is the remainder when 9160 is divided by 2288?
8
Calculate the remainder when 130 is divided by 15.
10
What is the remainder when 166 is divided by 58?
50
What is the remainder when 48 is divided by 28?
20
What is the remainder when 1580 is divided by 198?
194
What is the remainder when 631 is divided by 127?
123
Calculate the remainder when 224 is divided by 66.
26
Calculate the remainder when 308 is divided by 31.
29
Calculate the remainder when 239 is divided by 126.
113
What is the remainder when 338 is divided by 114?
110
Calculate the remainder when 782 is divided by 780.
2
Calculate the remainder when 1887 is divided by 86.
81
Calculate the remainder when 160 is divided by 7.
6
Calculate the remainder when 347 is divided by 19.
5
What is the remainder when 80 is divided by 21?
17
Calculate the remainder when 145 is divided by 30.
25
What is the remainder when 441 is divided by 222?
219
What is the remainder when 409 is divided by 120?
49
What is the remainder when 131 is divided by 52?
27
What is the remainder when 118 is divided by 28?
6
Calculate the remainder when 147 is divided by 74.
73
Calculate the remainder when 1464 is divided by 42.
36
What is the remainder when 7177 is divided by 16?
9
What is the remainder when 727 is divided by 105?
97
Calculate the remainder when 519 is divided by 271.
248
What is the remainder when 557 is divided by 62?
61
What is the remainder when 641 is divided by 25?
16
Calculate the remainder when 8457 is divided by 18.
15
What is the remainder when 837 is divided by 70?
67
What is the remainder when 298 is divided by 9?
1
What is the remainder when 157 is divided by 40?
37
Calculate the remainder when 381 is divided by 35.
31
Calculate the remainder when 159 is divided by 58.
43
What is the remainder when 5565 is divided by 12?
9
Calculate the remainder when 229 is divided by 23.
22
What is the remainder when 70 is divided by 6?
4
What is the remainder when 419 is divided by 28?
27
What is the remainder when 6276 is divided by 86?
84
Calculate the remainder when 182 is divided by 37.
34
Calculate the remainder when 17846 is divided by 21.
17
What is the remainder when 31 is divided by 4?
3
What is the remainder when 349 is divided by 27?
25
Calculate the remainder when 354 is divided by 97.
63
What is the remainder when 1413 is divided by 35?
13
Calculate the remainder when 928 is divided by 7.
4
Calculate the remainder when 8986 is divided by 89.
86
What is the remainder when 16520 is divided by 162?
158
What is the remainder when 133 is divided by 100?
33
What is the remainder when 140 is divided by 74?
66
Calculate the remainder when 183 is divided by 92.
91
Calculate the remainder when 945 is divided by 196.
161
Calculate the remainder when 1793 is divided by 595.
8
Calculate the remainder when 435 is divided by 37.
28
What is the remainder when 25 is divided by 14?
11
What is the remainder when 51 is divided by 18?
15
Calculate the remainder when 1260 is divided by 317.
309
Calculate the remainder when 5963 is divided by 47.
41
What is the remainder when 259 is divided by 55?
39
Calculate the remainder when 89 is divided by 15.
14
Calculate the remainder when 181 is divided by 112.
69
Calculate the remainder when 130 is divided by 48.
34
What is the remainder when 549 is divided by 41?
16
What is the remainder when 604 is divided by 34?
26
Calculate the remainder when 686 is divided by 168.
14
Calculate the remainder when 83 is divided by 1.
0
What is the remainder when 224 is divided by 75?
74
Calculate the remainder when 328 is divided by 55.
53
Calculate the remainder when 862 is divided by 216.
214
Calculate the remainder when 83 is divided by 17.
15
What is the remainder when 343 is divided by 30?
13
What is the remainder when 787 is divided by 36?
31
Calculate the remainder when 20 is divided by 12.
8
Calculate the remainder when 228 is divided by 30.
18
What is the remainder when 543 is divided by 524?
19
Calculate the remainder when 781 is divided by 17.
16
What is the remainder when 215 is divided by 18?
17
What is the remainder when 299 is divided by 55?
24
Calculate the remainder when 9457 is divided by 44.
41
What is the remainder when 289 is divided by 162?
127
What is the remainder when 149 is divided by 30?
29
What is the remainder when 163 is divided by 34?
27
Calculate the remainder when 7217 is divided by 19.
16
What is the remainder when 103 is divided by 26?
25
Calculate the remainder when 345